{"id":245,"date":"2015-05-07T21:08:05","date_gmt":"2015-05-07T21:08:05","guid":{"rendered":"http:\/\/residencialpraiadosa.hospedagemdesites.ws\/residencial\/?page_id=245"},"modified":"2016-02-24T14:30:34","modified_gmt":"2016-02-24T14:30:34","slug":"estrutura","status":"publish","type":"page","link":"https:\/\/residencialgeriatrico.com.br\/index.php\/estrutura\/","title":{"rendered":"Estrutura"},"content":{"rendered":"<div class=\"clearboth\"><\/div><\/div><\/div><\/div><div id=\"mk-page-section-69fc7ea062083\" data-intro-effect=\"false\" class=\"full-width-69fc7ea062083 mk-background-stretch  full-height-false mk-page-section self-hosted mk-blur-parent mk-shortcode  \" ><div class=\"mk-video-color-mask\"><\/div><div class=\"background-clipper\"><div id=\"background-layer--69fc7ea062083\" class=\"background-layer mk-background-stretch  clipper-false parallax-false\" data-speedFactor=\"0.3\"><\/div><\/div><div class=\"mk-grid vc_row-fluid page-section-content\"><div class=\"mk-padding-wrapper\">\n\t<div style=\"\" class=\"vc_col-sm-12 wpb_column column_container \">\n\t\t\t<h2 style=\"font-size: 70px;text-align:left;color: #ffffff;font-style:inherit;font-weight:900;padding-top:345px;padding-bottom:0px; text-transform:uppercase;letter-spacing:0px;\" id=\"fancy-title-69fc7ea062776\" class=\"mk-shortcode mk-fancy-title fancy-title-align-left mk-force-responsive  mk-animate-element fade-in simple-style \"><span style=\"\">Estrutura<\/span><\/h2><div class=\"clearboth\"><\/div>\n\t<\/div><\/div><div class=\"clearboth\"><\/div><\/div><div class=\"clearboth\"><\/div><\/div><div><div><div><div id=\"ajax-69fc7ea062083\" class=\"mk-dynamic-styles\"><!--  .full-width-69fc7ea062083 { min-height:450px; padding:0px 0 0px; margin-bottom:0px; } #background-layer--69fc7ea062083 { background-image:url(https:\/\/residencialgeriatrico.com.br\/wp-content\/uploads\/2015\/05\/IMG_55074.jpg); background-position:center bottom; background-repeat:repeat; ; } .mk-main-wrapper { display: none; } #theme-page { padding-top:0; }--><\/div><div class=\"clearboth\"><\/div><\/div><\/div><\/div><div id=\"mk-page-section-69fc7ea062909\" data-intro-effect=\"false\" class=\"full-width-69fc7ea062909  full-height-false mk-page-section self-hosted mk-blur-parent mk-shortcode  \" ><div class=\"mk-video-color-mask\"><\/div><div class=\"background-clipper\"><\/div><div class=\"mk-grid vc_row-fluid page-section-content\"><div class=\"mk-padding-wrapper\">\n\t<div style=\"\" class=\"vc_col-sm-6 wpb_column column_container \">\n\t\t\t\t<div style=\"text-align: left;\" class=\"mk-text-block  true\"><p>O Residencial Geri\u00e1trico Praia dos Amores\u00a0oferece aos seus h\u00f3spedes uma estrutura completa, com internet wireless nas \u00e1reas sociais, estacionamento (limitado), restaurante executivo, fitness center, sala de gin\u00e1stica, entre outros servi\u00e7os. Al\u00e9m disso, existe uma ampla estrutura com acessibilidade para pessoas com necessidades especiais.<\/p>\n<div class=\"clearboth\"><\/div><\/div> \n\t<\/div>\n\t<div style=\"\" class=\"vc_col-sm-6 wpb_column column_container \">\n\t\t\t\t<div style=\"text-align: left;\" class=\"mk-text-block  true\"><p>Todas as \u00e1reas possuem f\u00e1cil acesso e elevadores em todos os andares, al\u00e9m de banheiros adaptados. S\u00e3o\u00a024 apartamentos individuais, duplos e triplos com\u00a0Tv\u00a0\u00e0 cabo, frigobar, ar-condicionado e telefone adaptados para melhor acomodar os h\u00f3spedes com necessidades especiais, al\u00e9m de disponibilizar cadeira de rodas e cadeira para banho.<\/p>\n<div class=\"clearboth\"><\/div><\/div> \n\t<\/div><\/div><div class=\"clearboth\"><\/div><\/div><div class=\"clearboth\"><\/div><\/div><div><div><div><div id=\"ajax-69fc7ea062909\" class=\"mk-dynamic-styles\"><!--  .full-width-69fc7ea062909 { min-height:100px; padding:48px 0 10px; margin-bottom:0px; } #background-layer--69fc7ea062909 { background-position:left top; background-repeat:repeat; ; } .mk-main-wrapper { display: none; } #theme-page { padding-top:0; }--><\/div><div class=\"wpb_row vc_row  vc_row-fluid  mk-fullwidth-false  attched-false vc_row-fluid\">\n\t<div style=\"\" class=\"vc_col-sm-12 wpb_column column_container \">\n\t\t\t<div style=\"font-size: 22px;\" id=\"blockquote-69fc7ea0633a9\" class=\"mk-shortcode mk-blockquote quote-style \">Contamos com sala de jogos, piscina, sala de gin\u00e1stica, horta, ampla \u00e0rea ao ar livre, servi\u00e7o de lavanderia e camareira. Al\u00e9m de um buffet com oito variedades de pratos quentes, saladas e sobremesas diet e light, adaptado para as indica\u00e7\u00f5es nutricionais de cada paciente.\u00a0Veja os\u00a0detalhes clicando nas imagens.<\/div><div class=\"loop-main-wrapper\"><section id=\"gallery-loop-69fc7ea0635f0\" data-uniqid=\"69fc7ea0635f0\" data-style=\"gallery\" style=\"margin-bottom:20px\" class=\"mk-gallery-shortcode mk-theme-loop  \"><article class=\"gallery-eight-column mk-isotop-item gallery-69fc7ea0635f0 mk-gallery-item hover-fadebox simple-frame\"><div class=\"item-holder\" style=\"margin:0 8px 16px\"><div class=\"image-hover-overlay\" ><\/div><a href=\"https:\/\/residencialgeriatrico.com.br\/wp-content\/uploads\/2015\/05\/quarto.jpg\" alt=\"\" title=\"\" data-fancybox-group=\"gallery-group-69fc7ea0635f0\" class=\"mk-lightbox  mk-image-shortcode-lightbox\"><i class=\"mk-jupiter-icon-plus-circle\"><\/i><\/a><span class=\"gallery-inner\"><img alt=\"\" title=\"\" src=\"https:\/\/residencialgeriatrico.com.br\/wp-content\/uploads\/2015\/05\/quarto.jpg\" \/><\/span><\/div><\/article>\n\n<article class=\"gallery-eight-column mk-isotop-item gallery-69fc7ea0635f0 mk-gallery-item hover-fadebox simple-frame\"><div class=\"item-holder\" style=\"margin:0 8px 16px\"><div class=\"image-hover-overlay\" ><\/div><a href=\"https:\/\/residencialgeriatrico.com.br\/wp-content\/uploads\/2015\/05\/quarto-2.jpg\" alt=\"\" title=\"\" data-fancybox-group=\"gallery-group-69fc7ea0635f0\" class=\"mk-lightbox  mk-image-shortcode-lightbox\"><i class=\"mk-jupiter-icon-plus-circle\"><\/i><\/a><span class=\"gallery-inner\"><img alt=\"\" title=\"\" src=\"https:\/\/residencialgeriatrico.com.br\/wp-content\/uploads\/2015\/05\/quarto-2.jpg\" \/><\/span><\/div><\/article>\n\n<article class=\"gallery-eight-column mk-isotop-item gallery-69fc7ea0635f0 mk-gallery-item hover-fadebox simple-frame\"><div class=\"item-holder\" style=\"margin:0 8px 16px\"><div class=\"image-hover-overlay\" ><\/div><a href=\"https:\/\/residencialgeriatrico.com.br\/wp-content\/uploads\/2015\/05\/quarto-3.jpg\" alt=\"\" title=\"\" data-fancybox-group=\"gallery-group-69fc7ea0635f0\" class=\"mk-lightbox  mk-image-shortcode-lightbox\"><i class=\"mk-jupiter-icon-plus-circle\"><\/i><\/a><span class=\"gallery-inner\"><img alt=\"\" title=\"\" src=\"https:\/\/residencialgeriatrico.com.br\/wp-content\/uploads\/2015\/05\/quarto-3.jpg\" \/><\/span><\/div><\/article>\n\n<article class=\"gallery-eight-column mk-isotop-item gallery-69fc7ea0635f0 mk-gallery-item hover-fadebox simple-frame\"><div class=\"item-holder\" style=\"margin:0 8px 16px\"><div class=\"image-hover-overlay\" ><\/div><a href=\"https:\/\/residencialgeriatrico.com.br\/wp-content\/uploads\/2015\/05\/piscina2.jpg\" alt=\"\" title=\"\" data-fancybox-group=\"gallery-group-69fc7ea0635f0\" class=\"mk-lightbox  mk-image-shortcode-lightbox\"><i class=\"mk-jupiter-icon-plus-circle\"><\/i><\/a><span class=\"gallery-inner\"><img alt=\"\" title=\"\" src=\"https:\/\/residencialgeriatrico.com.br\/wp-content\/uploads\/2015\/05\/piscina2.jpg\" \/><\/span><\/div><\/article>\n\n<article class=\"gallery-eight-column mk-isotop-item gallery-69fc7ea0635f0 mk-gallery-item hover-fadebox simple-frame\"><div class=\"item-holder\" style=\"margin:0 8px 16px\"><div class=\"image-hover-overlay\" ><\/div><a href=\"https:\/\/residencialgeriatrico.com.br\/wp-content\/uploads\/2015\/05\/restaurante.jpg\" alt=\"\" title=\"\" data-fancybox-group=\"gallery-group-69fc7ea0635f0\" class=\"mk-lightbox  mk-image-shortcode-lightbox\"><i class=\"mk-jupiter-icon-plus-circle\"><\/i><\/a><span class=\"gallery-inner\"><img alt=\"\" title=\"\" src=\"https:\/\/residencialgeriatrico.com.br\/wp-content\/uploads\/2015\/05\/restaurante.jpg\" \/><\/span><\/div><\/article>\n\n<article class=\"gallery-eight-column mk-isotop-item gallery-69fc7ea0635f0 mk-gallery-item hover-fadebox simple-frame\"><div class=\"item-holder\" style=\"margin:0 8px 16px\"><div class=\"image-hover-overlay\" ><\/div><a href=\"https:\/\/residencialgeriatrico.com.br\/wp-content\/uploads\/2015\/05\/buffet2.jpg\" alt=\"\" title=\"\" data-fancybox-group=\"gallery-group-69fc7ea0635f0\" class=\"mk-lightbox  mk-image-shortcode-lightbox\"><i class=\"mk-jupiter-icon-plus-circle\"><\/i><\/a><span class=\"gallery-inner\"><img alt=\"\" title=\"\" src=\"https:\/\/residencialgeriatrico.com.br\/wp-content\/uploads\/2015\/05\/buffet2.jpg\" \/><\/span><\/div><\/article>\n\n<article class=\"gallery-eight-column mk-isotop-item gallery-69fc7ea0635f0 mk-gallery-item hover-fadebox simple-frame\"><div class=\"item-holder\" style=\"margin:0 8px 16px\"><div class=\"image-hover-overlay\" ><\/div><a href=\"https:\/\/residencialgeriatrico.com.br\/wp-content\/uploads\/2015\/05\/horta.jpg\" alt=\"\" title=\"\" data-fancybox-group=\"gallery-group-69fc7ea0635f0\" class=\"mk-lightbox  mk-image-shortcode-lightbox\"><i class=\"mk-jupiter-icon-plus-circle\"><\/i><\/a><span class=\"gallery-inner\"><img alt=\"\" title=\"\" src=\"https:\/\/residencialgeriatrico.com.br\/wp-content\/uploads\/2015\/05\/horta.jpg\" \/><\/span><\/div><\/article>\n\n<div class=\"clearboth\"><\/div><\/section><div class=\"mk-pagination-holder\"><a class=\"mk-loadmore-button\" style=\"display:none;\" href=\"#\"><i class=\"mk-moon-loop-4\"><\/i><i class=\"mk-moon-arrow-down-4\"><\/i>Mais<\/a><\/div><div class=\"mk-preloader\"><\/div><\/div>\n\t<\/div><\/div>\n","protected":false},"excerpt":{"rendered":"","protected":false},"author":1,"featured_media":0,"parent":0,"menu_order":0,"comment_status":"open","ping_status":"open","template":"","meta":{"_monsterinsights_skip_tracking":false,"_monsterinsights_sitenote_active":false,"_monsterinsights_sitenote_note":"","_monsterinsights_sitenote_category":0},"aioseo_notices":[],"_links":{"self":[{"href":"https:\/\/residencialgeriatrico.com.br\/index.php\/wp-json\/wp\/v2\/pages\/245"}],"collection":[{"href":"https:\/\/residencialgeriatrico.com.br\/index.php\/wp-json\/wp\/v2\/pages"}],"about":[{"href":"https:\/\/residencialgeriatrico.com.br\/index.php\/wp-json\/wp\/v2\/types\/page"}],"author":[{"embeddable":true,"href":"https:\/\/residencialgeriatrico.com.br\/index.php\/wp-json\/wp\/v2\/users\/1"}],"replies":[{"embeddable":true,"href":"https:\/\/residencialgeriatrico.com.br\/index.php\/wp-json\/wp\/v2\/comments?post=245"}],"version-history":[{"count":8,"href":"https:\/\/residencialgeriatrico.com.br\/index.php\/wp-json\/wp\/v2\/pages\/245\/revisions"}],"predecessor-version":[{"id":460,"href":"https:\/\/residencialgeriatrico.com.br\/index.php\/wp-json\/wp\/v2\/pages\/245\/revisions\/460"}],"wp:attachment":[{"href":"https:\/\/residencialgeriatrico.com.br\/index.php\/wp-json\/wp\/v2\/media?parent=245"}],"curies":[{"name":"wp","href":"https:\/\/api.w.org\/{rel}","templated":true}]}}